+ -2)?
3
Let q(o) = -2*o**2 + 8*o + 3. Let p be q(4). Let w = 9 - 6. Suppose w*c + 2*k = k + 68, -p*k = -3*c + 72. What is the units digit of c?
3
Let f(q) = -q**3 - 6*q**2 - 2*q + 9. Let d be f(-7). Let t = d - 37. Suppose 4*w + t = 95. What is the units digit of w?
5
Suppose -17209 = -7*h + 20710. What is the tens digit of h?
1
Suppose -4*p = 4*k - 2380, -15 = -50*p + 55*p. What is the hundreds digit of k?
5
Let u = 26 - 21. Suppose 2*m - 2*c = 226, u*m - 2*m + 2*c - 364 = 0. Let t = m - 69. What is the tens digit of t?
4
Let r be (68/(-12) - -6)/(1/6). What is the tens digit of (1/r)/((-15)/(-510))?
1
Let t(x) = x**3 - 3*x**2 - 8*x - 2. Let o(l) = l**2 - 5*l - 8. Let i be o(7). What is the tens digit of t(i)?
5
Suppose y + 12 - 4 = 0. Let k(p) = -6*p + 4. Let f be k(y). Suppose 5*c = 9*c - f. What is the tens digit of c?
1
Let t(c) = -2*c**2 + 4*c - 46. Let d(f) = f**2 - 5*f + 45. Let j(z) = -7*d(z) - 6*t(z). What is the tens digit of j(6)?
0
Let m(d) = 112*d**2 + 3*d - 13. What is the hundreds digit of m(3)?
0
What is the tens digit of 10744/10 - (-153)/255?
7
Let p(o) = -o + 10. Let h be p(-12). Let x = -19 + h. Suppose x*v = 5*d - 160, 2*v = d - 3*d + 64. What is the tens digit of d?
3
Let w = -871 + 1903. Suppose 6*j = 2*j - 4*n + w, 2*j - 2*n - 528 = 0. What is the units digit of j?
1
Let q be 2 - 5 - (-5 + 3). Let n be (q + -13)/(10/(-5)). Let a(v) = 2*v**2 - 6*v + 7. What is the units digit of a(n)?
3
Let a(c) = 5*c**2 - 7*c + 7. Let b be a(3). Suppose 5*h = -5, b = d + d + h. What is the units digit of d?
6
Suppose -102 = 5*s - 8*s. Let t = 44 - 67. Let b = t + s. What is the tens digit of b?
1
Let g(f) = f - 1. Suppose -2*x + 42 = 16. Let o be g(x). What is the units digit of o/(-6) - (2 - 36)?
2
Suppose 3*u = -0*u - 42. Let d be 936/91 + 4/u. What is the tens digit of d/(1/(-3)*-1)?
3
Let g = 24 + -24. Suppose -q - 5 = -g*q, 4*o + 2*q = 90. Suppose -68 = -h - o. What is the units digit of h?
3
Suppose 0 = 5*y - 10, -y + 3*y = 2*z - 706. Suppose 14*m = 9*m + z. What is the tens digit of m?
7
Suppose d + 15 = 6*d. Suppose 5*k + 145 = -t - 4*t, 107 = -d*t + 2*k. Let o = 1 - t. What is the units digit of o?
4
Let n = 31 + -28. Suppose 2*r = n + 7. Suppose -302 + 102 = -r*g. What is the tens digit of g?
4
Let p(k) = 11*k**3 - k**2 + k. Let u be p(1). Suppose 12*o - u*o = 39. What is the units digit of o?
9
Let p(l) = -2*l**3 - 4*l**2 - 8*l - 9. Let b be p(-4). Let u = 2 + b. What is the units digit of u?
9
Let j(q) = q**2 - 4*q + 1. Let m be j(3). Suppose 0 = 2*a + 6*a + 128. Let r = m - a. What is the tens digit of r?
1
Let x be 36/(3*10/105). Let d = -34 + x. Suppose 2*z - 2*u - 127 = u, 4*u - d = -2*z. What is the tens digit of z?
5
Let p(j) = -j**3 - 8*j**2 - 5*j + 9. Let h be p(-7). Let o = h - -7. Suppose -o*l - 18 = -4*l. What is the units digit of l?
9
Let g = -1369 - -2678. What is the units digit of g?
9
Let l(y) = 10*y**2 + 95*y - 21. What is the tens digit of l(-18)?
0
Let o be (1128/28)/(-6) + 2/(-7). What is the tens digit of (-4)/(-6) - (3157/3)/o?
5
Let t = -1169 - -1977. What is the hundreds digit of t?
8
Let a = -7157 + 10209. What is the tens digit of a?
5
Suppose -16*k = 4*k - 21300. Let z = -761 + k. What is the tens digit of z?
0
Let q(y) = -y - 129. Let d be q(0). Let f = d - -193. What is the tens digit of f?
6
Let z = -453 + 658. What is the tens digit of z?
0
Let b(w) = -449*w - 24. What is the units digit of b(-2)?
4
Suppose 3*h - 36 = -4*i, 2*i - h - 17 - 1 = 0. Let r = i - 7. Suppose -5*k = -3*k + 2*w - r, 0 = -2*k + w + 2. What is the units digit of k?
1
Suppose 3*c - 2*q = -20, -4 = 4*c - 0*q + 3*q. What is the units digit of (-92 - (3 + c))*-1?
1
Let p(v) = 314*v - 30. What is the tens digit of p(1)?
8
What is the units digit of (36960/10 - 10) + 6?
2
Let n = -32 + 24. What is the units digit of (-295)/n + (-1)/(-8)?
7
Suppose 0 = 21*v + 24*v - 204030. What is the hundreds digit of v?
5
Suppose -5*r - 5*p = -7110, 0 = 2*r + 3*p - 2190 - 650. What is the units digit of r?
6
Suppose 5*u - 440 = -2*i, -2*i + 6*u = 5*u - 440. Let w = -8 + i. What is the tens digit of w?
1
Suppose 7*s + 4*q - 972 = 2*s, 4*s - q = 765. Let l = s - 117. What is the tens digit of l?
7
Let c = 858 - 294. What is the hundreds digit of c?
5
Suppose 0 = 3*x + 4*k - 7 - 1, -k + 2 = -4*x. Suppose -81 - 78 = -3*h. Suppose -4*z + 79 + h = x. What is the tens digit of z?
3
Let i be (-7498)/(-10) + (16/(-20))/(-4). What is the units digit of (-5)/(-1) + i/5?
5
Suppose -3*l - 22428 = -12*l. What is the thousands digit of l?
2
Suppose 3*w - 44*z + 39*z - 671 = 0, 4*z = 2*w - 450. What is the units digit of w?
7
Let w(y) = -155*y - 43. What is the tens digit of w(-5)?
3
Suppose 0 = 2*t - 4*n - 36, 2*n - 5 - 17 = -4*t. Let d(b) = 4*b**2 - b - 4. What is the tens digit of d(t)?
4
Let q(y) = -6*y**3 - y**2 + 2. Let m be q(2). Let s be (-1)/((-7)/1162)*2/(-4). Let j = m - s. What is the tens digit of j?
3
Suppose 0*a + 6*a = 48. Suppose -22 = 5*r - 8*g + 4*g, 3*r = 3*g - 12. Let h = r + a. What is the units digit of h?
2
Let t(k) = k**3 - 5*k**2 - 6*k + 1. Let s = 11 - 5. Let x be t(s). What is the units digit of 20 + x/(-2)*-2?
1
Let u be 1 + (-4)/7 - (-39)/7. What is the units digit of 1*(-12)/u - -198?
6
Let t = 12 - 9. Suppose -3*z + 4*o = 1, 2*z - 3*o = -t*z + 13. Suppose 284 = z*f + 4*p, -3*f + 5*f + 5*p = 100. What is the tens digit of f?
6
Suppose -3*p + 0 + 11 = k, 0 = -5*k - 20. Let i = -93 + 93. Suppose i = p*f + 22 - 107. What is the tens digit of f?
1
Let r(q) = 173*q - 9. What is the tens digit of r(2)?
3
Suppose 0*l = 12*l - 108. What is the tens digit of 3801/15 + l/15 + -3?
5
Let b be ((-1)/3)/(17/(-255)). Let g = 8 + -3. Suppose w - g*h = b*w - 11, 2*h - 26 = -4*w. What is the units digit of w?
9
Suppose -x = -4 - 4. Suppose -x = v - 23. What is the tens digit of v?
1
Let s(n) = -n**3 - 9*n**2 + 9*n - 7. Let b be s(-10). Suppose 48 = -b*w + 234. What is the tens digit of w?
6
What is the hundreds digit of 276354/130 - (8/10 - 1)?
1
Suppose 343 = 2*t - 43. Suppose -4*q + 73 = t. Let r = 51 + q. What is the units digit of r?
1
Suppose 2*o + 5*v - 1425 = 0, 6*v - 2*v + 2172 = 3*o. What is the units digit of o?
0
Let x be (34/8 + -3)*4. Let s(j) = -j**3 + 6*j**2 - 4*j + 1. Let r be s(x). Suppose -3*h - 3*l + 78 = 0, -h - r = -5*l - 62. What is the tens digit of h?
3
Let d(w) = 5*w**3 + w**2 + 2*w + 1. Suppose -2*i + 4 = 4*m - 10, 4*i = 2*m - 12. Let l be d(i). Let z = 11 - l. What is the units digit of z?
6
Let l be -5 + 1 + (-28)/(-4). What is the units digit of 2/l - 272/(-6)?
6
Let a(j) = -j**2 + 3*j + 4. Let s be a(3). Suppose -5*f + 8 = -4*c, -2*c = 5*f - 30 + s. What is the tens digit of 1/(c/84) - 2?
2
Suppose 2*v + 2*v - 59 = -5*o, 3*o + 99 = 4*v. Let u = v - 1. What is the tens digit of u?
2
Suppose 2*t - 189 = t - k, -2*t + 393 = -3*k. Suppose 0 = -3*o - 0*o + t. Suppose 3*g - 5*g = -o. What is the tens digit of g?
3
What is the hundreds digit of (54/(-81))/(0 + 6/(-27207))?
0
Let k be 5 + (-2 - -335) + 0. Suppose 5*q = 18*q - k. What is the tens digit of q?
2
Suppose -257 = 2*q - 3*v, -251 = 2*q - v - 0*v. Let z = 46 - q. What is the hundreds digit of z?
1
Let k(p) = -p**3 - 8*p**2 + 6*p - 4. Let j be k(-9). Suppose 4*o - 4*f + 7 - j = 0, 0 = -4*o - 3*f + 30. Suppose -16 = -n + o. What is the units digit of n?
2
Let v be 6 + 8/(-1) + 4. Let r(s) = -6*s**3 - 2*s**2 - 2. Let t be r(v). Let k = -27 - t. What is the units digit of k?
1
Let i be 1/5*-3*-5. What is the tens digit of 2 + -3 - -4*(16 + i)?
7
Suppose 0 = -2*i + 5*i + 9. Let x be (22/7)/((-15)/(-210)). Let l = x - i. What is the tens digit of l?
4
What is the hundreds digit of 2*2143/14 + 2/(-14)?
3
Let c(h) = 4561*h**2. What is the tens digit of c(1)?
6
Let o(x) = -3*x**3 - 3*x**2 + 3*x + 3. Suppose -3*k = 2 + 10. What is the tens digit of o(k)?
3
Suppose -118 - 97 = -5*b. Suppose j - 26 = b. What is the units digit of j?
9
Let f(q) = 28*q + 4. Let n be f(3). Suppose 0 = g - c - n, 5*g + 7*c - 480 = 4*c. What is the tens digit of g?
9
Suppose -7*h + 3*h = v - 3977, 3*h = -3*v + 2994. What is the hundreds digit of h?
9
Suppose -33*v + 41*v - 13272 = 0. What is the units digit of v?
9
Suppose -7*x = 1 - 1247. Suppose v = -3*o - 2*o + x, o - 5*v = 46. What is t